{"id":9214,"date":"2023-12-09T15:05:16","date_gmt":"2023-12-09T12:05:16","guid":{"rendered":"https:\/\/mucizeminikler.com\/?post_type=product&#038;p=9214"},"modified":"2025-03-20T13:15:38","modified_gmt":"2025-03-20T10:15:38","slug":"patron-benim-baskili-zibin","status":"publish","type":"product","link":"http:\/\/mucizeminikler.com\/index.php\/urun\/patron-benim-baskili-zibin\/","title":{"rendered":"Patron benim bask\u0131l\u0131 Z\u0131b\u0131n"},"content":{"rendered":"<ul class=\"detail-desc-list\">\n<li>Su bazl\u0131 nefes alabilen, bebe\u011finize zarar verecek kimyasallar i\u00e7ermeyen Ekoteks sertifikal\u0131 organik bask\u0131 sistemi ile \u00fcretilmi\u015ftir. %100 pamuk kuma\u015f. Papyon ve g\u00f6rseller ke\u00e7e \u00fczeri bask\u0131 tekni\u011fi ile yap\u0131lm\u0131\u015ft\u0131r. Yaz\u0131 k\u0131sm\u0131 direk kuma\u015fa bask\u0131d\u0131r. Makinede y\u0131kanabilir. Daha uzun s\u00fcre kullan\u0131m i\u00e7in 30 derecede tersten y\u0131kama \u00f6nerilir.<\/li>\n<\/ul>\n","protected":false},"excerpt":{"rendered":"<p>Su bazl\u0131 nefes alabilen, bebe\u011finize zarar verecek kimyasallar i\u00e7ermeyen Ekoteks sertifikal\u0131 organik bask\u0131 sistemi ile \u00fcretilmi\u015ftir. %100 pamuk kuma\u015f. Papyon<\/p>\n","protected":false},"featured_media":9224,"comment_status":"open","ping_status":"closed","template":"","meta":{"jetpack_publicize_message":"","jetpack_publicize_feature_enabled":true,"jetpack_social_post_already_shared":true,"jetpack_social_options":{"image_generator_settings":{"template":"highway","default_image_id":0,"font":"","enabled":false},"version":2}},"product_brand":[],"product_cat":[73,72],"product_tag":[],"class_list":{"0":"post-9214","1":"product","2":"type-product","3":"status-publish","4":"has-post-thumbnail","6":"product_cat-aileye-ozel-zibin","7":"product_cat-tek-zibin","9":"first","10":"instock","11":"taxable","12":"shipping-taxable","13":"purchasable","14":"product-type-variable"},"wcpa_form_fields":null,"jetpack_publicize_connections":[],"jetpack_sharing_enabled":true,"_links":{"self":[{"href":"http:\/\/mucizeminikler.com\/index.php\/wp-json\/wp\/v2\/product\/9214","targetHints":{"allow":["GET"]}}],"collection":[{"href":"http:\/\/mucizeminikler.com\/index.php\/wp-json\/wp\/v2\/product"}],"about":[{"href":"http:\/\/mucizeminikler.com\/index.php\/wp-json\/wp\/v2\/types\/product"}],"replies":[{"embeddable":true,"href":"http:\/\/mucizeminikler.com\/index.php\/wp-json\/wp\/v2\/comments?post=9214"}],"version-history":[{"count":1,"href":"http:\/\/mucizeminikler.com\/index.php\/wp-json\/wp\/v2\/product\/9214\/revisions"}],"predecessor-version":[{"id":9225,"href":"http:\/\/mucizeminikler.com\/index.php\/wp-json\/wp\/v2\/product\/9214\/revisions\/9225"}],"wp:featuredmedia":[{"embeddable":true,"href":"http:\/\/mucizeminikler.com\/index.php\/wp-json\/wp\/v2\/media\/9224"}],"wp:attachment":[{"href":"http:\/\/mucizeminikler.com\/index.php\/wp-json\/wp\/v2\/media?parent=9214"}],"wp:term":[{"taxonomy":"product_brand","embeddable":true,"href":"http:\/\/mucizeminikler.com\/index.php\/wp-json\/wp\/v2\/product_brand?post=9214"},{"taxonomy":"product_cat","embeddable":true,"href":"http:\/\/mucizeminikler.com\/index.php\/wp-json\/wp\/v2\/product_cat?post=9214"},{"taxonomy":"product_tag","embeddable":true,"href":"http:\/\/mucizeminikler.com\/index.php\/wp-json\/wp\/v2\/product_tag?post=9214"}],"curies":[{"name":"wp","href":"https:\/\/api.w.org\/{rel}","templated":true}]}}